- (-151 - -342) - (16 - 4).
-59
What is the value of 236 - ((264 - 99) + -15)?
86
85 - 115 - (34 + -11 + -5)
-48
What is the value of (-23 - 2) + (2 - (25 - 3) - -10)?
-35
Evaluate -18 - -3 - (-6 + 2 + 69 + 28 + -81).
-27
What is -14 - (14 + -23) - (22 - -1 - (-73 - -83))?
-18
What is the value of 61 - (-49 - -143) - -107?
74
20 + (-41 - (-26 + -19) - (1 - 0))
23
-96 - -5 - (-191 - -147)
-47
What is the value of 65 - (-62 - (42 + -104))?
65
What is -2 - -2 - 80 - (29 + -44 + 13)?
-78
Evaluate 81 - (-13 - 0 - (-58 + 23)).
59
19 - (89 - 73 - 75)
78
(-3 + 0 - -6) + 28 - (-4317 - -4318)
30
What is the value of (-98 - -1) + 8 + -13 + -25 + 8?
-119
What is 65 - 1 - (77 - 18 - 27 - 20)?
52
50 + (-108 - -43) + 8
-7
Calculate (31 - -20) + -13 + 13 + -16.
35
What is 27 - (-77 + 82) - (-9 + 145)?
-114
24 - (15 - 22 - -31) - (6 + -2) - 36
-40
Calculate 1579 + -1572 - (47 - (1 - -1)).
-38
-8 - (37 + 5) - -11
-39
What is 85 - ((-16 - -38) + -3) - (4 - 0)?
62
What is the value of (-15 - -13) + 33 - 52?
-21
What is -46 + (1 - -2) + 33 + -14 + -16?
-40
What is -125 + (237 - 15) + -6?
91
Evaluate (9 - 18 - 2) + (-6 - -59) - 11.
31
Evaluate 129 + (-180 - -85) + 6.
40
What is 11 - 2 - (-21 - (-6 + 60 + -31))?
53
What is the value of (0 + 1 + -1 - (-54 - (-17 - -7))) + -3?
41
Calculate 45 + (-2 - (-1 + -14 - 4)) + 15 + -25.
52
Evaluate 22707 + -22671 - (149 - -1).
-114
-1012 - -967 - (-126 - -6)
75
What is the value of (21 - 26 - -5 - -23) + 24?
47
Calculate 101 + -43 - 164 - -204.
98
Evaluate (-363 - -366 - (-8 - (3 + -3))) + 16 + 0.
27
Calculate (2 - (3 - (-73 + 5))) + (34 - 9).
-44
What is the value of 9 + 1 - (-4 + (5 + -21 + 13 - 13))?
30
What is -9 - -11 - (52 + 15 + -6 + -10)?
-49
Calculate -8 + (-39 - ((-3 - 2) + 10)) + -10 - -10.
-52
What is 82 + -17 + (-2 - (-9 - 11))?
83
Calculate (-4 + 43 - -1) + (329 - 330).
39
Calculate 103 - 48 - (134 - 17).
-62
Evaluate -3 - -8 - -1 - (791 - 742 - (-2 - -25)).
-20
Calculate 31 - -31 - (22 + 7).
33
18 - (96 + (48 - 97))
-29
What is -12 + 1 + 1 - (23 - 77 - -42)?
2
What is -52 + 49 - (38 + 1) - (-1 - 2 - 5)?
-34
Evaluate -141 + (-15 - -19) + (1 - -2) + (65 - 67).
-136
(-3 - 51) + (343 - 267)
22
-54 + 56 + 4 + 42
48
949 - 952 - ((1 - -1) + (21 + 4 - 3))
-27
What is (-4 - ((19 - 38) + (27 - 7))) + 113?
108
Evaluate -17 - (-21 + 3 + (-3 - 1)).
5
What is the value of 0 - (-28 + 3 - -4) - (-479 + 484)?
16
Calculate -28 - (107 - 49) - -44.
-42
What is the value of -38 + 2 + (20 - (4 - (7 - 12)))?
-25
What is 10 + -12 - 28 - (-10 + -8 - -9)?
-21
Evaluate -44 + ((14 + -11 - 15) + 18 - 12).
-50
What is the value of -22 + (-12 - -32) + 8 + -11?
-5
What is 9 - 41 - (8 + (1 - 8 - 5))?
-28
What is -3 + 2 + -3 + (-11 - (22 - -1))?
-38
What is the value of -25 - ((30 + -47 - -31) + (-4 - -66))?
-101
Evaluate (20 + -7 - 35 - -3) + (2 - 4 - 9).
-30
-4 + 1 - (-43 + 79 - 36 - -27)
-30
Calculate -22 - -5 - (52 - -20 - 48).
-41
What is ((-37 - -20) + 61 - -12) + (14 - 0)?
70
What is the value of 1 - (1 - 2) - (-11 - 22) - (87 - 90)?
38
Evaluate 0 + 8 - -1 - (-1769 + 1773) - 34.
-29
What is the value of 5 + (4 - (22 - 4)) + 41 + 17?
49
What is (51 - 13) + -455 + 481?
64
What is 18 + (-82 - -3) + 48?
-13
Evaluate (128 - 101) + (-76 - -16).
-33
Evaluate 6 + -6 + (-1 - 3) + 128 + -82.
42
What is the value of (9 - 49) + 8 - (190 + -160)?
-62
What is the value of 35 - ((-15 - -9) + -4 - 0 - 4)?
49
What is 5 - -4 - 3 - (-330 - -336)?
0
What is the value of 49 + -46 + (0 - 3) - (-108 + 73)?
35
What is the value of (83 - (85 - -21)) + -56 + -7?
-86
1 + -59 - (851 - 889)
-20
What is the value of (39 - (-7 - -11)) + (9 + -1 - (6 - -2))?
35
-69 + 39 + -15 + -36 - -10
-71
What is the value of (88 - (354 - 27)) + 126?
-113
What is the value of -28 - (0 + -76 - -10 - -16)?
22
What is -10 + 2 + 1 - (-78 + -53 + 151)?
-27
What is -6 + -59 - (-252 - -185)?
2
Calculate (-1 - -59) + (10 + -2 - (3 + 55 - 42)).
50
(111 - (-74 + 244)) + 40
-19
What is -48 - (-22 - (60 - 80))?
-46
What is the value of 1 + (-10 - 1) + (3 - (-105 + 82 - 37))?
53
(1 - 1) + 10 + -5 + 5 - (-4 - -67)
-53
Evaluate 9 - ((15 - (-17 - -28)) + 1 - 14).
18
What is the value of 7 + 31 + -18 + -6 + 9?
23
What is the value of (10 - 28) + 7 - (-54 + 6 + -8)?
45
145 + 5 - (863 + -676)
-37
What is (201 - 174) + (4 - 9) + 5?
27
What is 4 - ((78 - 76) + (0 - -4))?
-2
What is 8 - ((-2 - 0 - -10) + 58 + -92 + 22)?
12
Calculate -20 - 1 - (-3172 - -3108).
43
What is (-11 - -24) + (70 - 34) + 0?
49
What is the value of 15 - ((1 - 15 - -25) + 36 - -9) - -12?
-29
Evaluate -22 - -1 - (-64 + -39 + -44 - -14).
112
What is the value of 3 + 2 + 55 + 283 + -264?
79
39 + (-12 - -2 - -6) + (-1 + -7 - 0)
27
Evaluate 5 + 33 + -106 + 21 + -12.
-59
What is -804 + 777 + (5 - 7) + -83?
-112
Calculate 10 + (-4 - (16 + 1 + -9 + 1)) + -17.
-20
What is -905 - -921 - (-1 + 0 + 11 + -13)?
19
What is the value of 7 + -7 + -102 - (-46 - -32) - 10?
-98
Evaluate (-15 + 33 + -31 - 7) + 102 + -4.
78
Evaluate -3 - (-6 + -3) - (-9 + 11) - (-7 + 4).
7
-5 - (-1 + -38 + 10 + 108 + -97)
13
What is the value of 26 + (-85 - -61) + 23?
25
What is -1 + 8 - ((6 - (-35 - -15 - -38)) + 2)?
17
What is the value of 0 + 1 + -673 + 670 + (2 - 6)?
-6
Calculate 5 - (10 + 24) - -6.
-23
-2 + 1 - -14 - (-232 - -191 - -56)
-2
What is the value of (-8 + (-19 - 0) + 23 - -103) + 19?
118
Calculate (30 - -1) + 1 + (4931 - 4890).
73
What is 0 - (-14 - 3) - (54 + 152 + -84)?
-105
Calculate -33 - (-41 + 21) - ((1 - 52) + 3).
35
What is the value of -1 + -22 - ((-9 - -12) + -15 + 26)?
-37
Evaluate -39 + -1 + 36 + -11 + 73.
58
What is the value of 9 + (-18 - -38 - 8) - 54?
-33
Calculate -113 + (15 - (4 - 185)).
83
3 + (0 - (8 + -7) - -2) - (-40 + 9)
35
What is the value of 107 + (-1454 - -1495) + (-33 - 1)?
114
80 - (31 - -108) - (0 + 7)
-66
-26 - 11 - (-16 - -18 - (-2 - -5))
-36
What is 69 - (-4 - 28 - (-5 + -13) - -8)?
75
Evaluate 12 - (134 + -135 + (17 - -1)) - (-3 - 93).
91
239 + -128 - (-95 - -141)
65
What is the value of 13 + (-13 - -1 - (-14 + -7)) - -2?
24
What is (2 - -97) + (8 - 2 - (94 + -68) - -32)?
111
Calculate 66 + (-106 - -66 - -79) - ((-1 - 1) + -1).
108
What is 95 + 9 + -18 + -43?
43
-12 + -1 + (2 - (-17 - (6 - (20 - -34))))
-42
What is the value of 0 + 4 + 2553 + -2565?
-8
Calculate 1055 + -1017 - (-2 - -22).
18
-12 + -8 + -6 + 37 + -4 + -15
-8
Evaluate (-1 - 3) + 12 - (119 - 55).
-56
What is (4 - 0) + (14 - (11 - (-6 - -14)))?
15
Evaluate -37 - -36 - (5 + 59 - (5 - -8)).
-52
Evaluate -1 + 1 + -5 + 5 + (-25 - -36 - 32).
-21
Calculate -4 - 24 - (-93 + 99).
-34
-10190 + 10156 + (0 - 60)
-94
Calculate -5 + -7 + 16 + (7 + (-9 - 1) - 126).
-125
What is the value of -50 + 46 + (-12 - 23 - 32)?
-71
Calculate -14 + -27 + 26 - -9 - (2 + -5 - 70).
67
What is the value of -40 - (81 - (99 - 34))?
-56
What is the value of (21 - 10) + 85 + -1 - -8 - (27 + -22)?
98
What is the value of 10 - (-24 + -16 + 77 - 73)?
46
2 + -13 + 8 - (-2 - (-31 + -7))
-39
What is the value of (0 - 64) + -17 + (7 - (9 - 7)) + 17?
-59
100 - (-44 + 42 + (2 - (-12 + 7 - 2)))
93
1 - (-9 + (16 - (5 + 18)))
17
Calculate (39 + 19 - -14) + (-27 - -10) + 24.
79
Calculate -42 - (15 - (-85 - -118)).
-24
Calculate (1 - 9) + -131 + 127 - (34 - 4).
-42
Calculate -22 - (39 + (-22 - -11)) - (7 - (-1 + -1)).
-59
2 + -4 + 564 + -607
-45
(-59 - (-73 - -90)) + 43
-33
Calculate -15 - (-71 + 9 - -46).
1
What is the value of 4 + 15 + (20 - 19) + 46?
66
Evaluate (-1 - -3) + -23 + 1702 + -1749.
-68
What is the value of 64 - (-58 + 60) - -1?
63
What is the value of -5 - 19 - (-117 - -27 - -114)?
-48
69 + -93 - (-59 - -72)
-37
Calculate (-5 - (-4 + 22) - -30) + 19.
26
Evaluate (-44 - 2) + 59 + (33 - 78).
-32
What is the value of -69 + 15 + (-3 - 4) + (8 - 3 - -3)?
-53
Calculate (-2 - (8 - 30)) + 7 - -1.
28
Evaluate 47 - (43 + -72 + 176 + 17).
-117
Evaluate (3 - 129) + 49 + 75.
-2
(-2 - -9 - (20 - (-9 - -28))) + 45 + -10
41
What is -7 + (-25 - -9) + 6 + -8 + 10?
-15
Calculate -6 - (11 + (5 - (5 + 18))).
1
Evaluate 19 + 1 + (-293 + 289 - (-1 - (-1 - -15))).
31
(-16498 - -16652) + -2 + -149
3
What is the value of 493 + -495 - (1 - -19) - 2 - -92?
68
Calculate (34 - (-33 + 42)) + -13.
12
Evaluate 3 - -4 - (-30 - (15 - 5 - 2)).
45
Evaluate (101 - 63 - 127) + 123.
34
What is 5 - (8 + 30 + -86)?
53
What is 